v**2 + v - 4. Determine y(p).
8
Suppose -4*z + 31 - 7 = 0. Let o(h) be the first derivative of -h**4/12 + 3*h**3/2 - 9*h**2/2 - 9. Let q(g) be the second derivative of o(g). Calculate q(z).
-3
Let n be (-34)/(-12) + 9/54. Let j(k) = -k**3 - 8 + 63*k**2 - 33*k**2 + k - 20*k**2 - 9*k - n. Give j(9).
-2
Let c(o) be the second derivative of o**7/168 + o**6/360 - o**5/120 + 151*o**3/6 - 152*o. Let w(v) be the second derivative of c(v). What is w(2)?
42
Suppose -64*g = -134 - 189 - 189. Let r(x) = -x**2 + 4*x + 28. Calculate r(g).
-4
Let q(d) = -10*d - 30. Let r be q(-3). Let c(j) = -j**2 + r*j**2 - j + 121 + 23*j - 139. What is c(21)?
3
Let m(o) be the second derivative of o**5/10 - o**4/3 - o**3/6 - 3*o**2 - 969*o. Give m(4).
54
Let a(m) be the first derivative of m**3/3 + 5*m**2 + 6*m - 166. Suppose -2*k + 23 = -3*x, -5*k = 4*x - 4*k + 38. Determine a(x).
-3
Let s(z) = z**2 - 10*z + 12. Let r(l) = 6*l**2 - 40*l + 7. Let q(c) = -c**2 - 1. Let n(x) = -22*q(x) - 2*r(x). Let i be n(-8). Give s(i).
-4
Let x(h) = -h - 17. Let b(c) = 5*c + 62. Let k(i) = 4*b(i) + 15*x(i). What is k(7)?
28
Suppose 5*z + 5*p = 9*z - 338, 2*p + 86 = z. Let v(f) = 171*f**2 - z*f**2 - 1 - 9*f**3 + 7*f**3 - 87*f**2 - 9*f**3. Determine v(1).
-10
Let v(h) = -4*h**2 + 7*h - 3. Let k(b) = -10*b**2 + 34*b + 1. Let f(j) = 5*j**2 - 16*j. Let a(c) = 9*f(c) + 4*k(c). Let q(p) = 3*a(p) + 4*v(p). What is q(4)?
0
Let h(p) be the second derivative of -p**3/6 + 5*p**2 + 4*p + 562. Let f(d) = -d**2 - 3*d - 9 + 5*d + 7*d. Let a be f(7). Determine h(a).
5
Let a(i) = -i**3 - 2*i**2 + i + 14. Let n(c) = -682*c + 3407. Let j be n(5). Determine a(j).
20
Let x(p) = -3*p**3 - 28*p**2 - 36*p - 78. Let t(h) = 7*h**3 + 55*h**2 + 74*h + 156. Let b(w) = -2*t(w) - 5*x(w). Determine b(-29).
-9
Let d(t) = 4*t**3 - t**2 + 1. Let g be (-413)/(-7)*(3 - 1). Let b = 126 - g. Suppose -4*x - 12 + b = 0. Give d(x).
-4
Suppose -l + 2 = 7. Let t(m) be the first derivative of 4*m**3/3 - 5*m**2/2 - m - 32. Let d(k) = -3*k**2 + 5*k + 2. Let y(x) = -5*d(x) - 4*t(x). Calculate y(l).
-6
Let p(q) = 2*q**2 + 24*q + 22. Let d be p(-10). Let l = d - -26. Suppose 0 = m + m - l. Let w(f) = -f + 5. What is w(m)?
1
Let y(f) be the first derivative of -f**2/2 + 63*f - 9112. What is y(13)?
50
Let g(p) = -7*p + 1. Suppose 4*q + 5*z + 301 = -0*z, 4*z - 144 = 2*q. Let b = -64 - q. Suppose -b*u = -u - 9. Calculate g(u).
-6
Let i(w) = -w**3 - 3*w**2 + 3*w - 2. Let o = 106 + -41. Suppose 3*l - o = -3*c + 40, -5*l + 2*c = -168. Let v = l + -32. What is i(v)?
-16
Suppose -130*g + 110*g - 140 = 0. Let r(y) = -4*y + 0*y - 2 - 3*y - 8*y**2 - y**3. What is r(g)?
-2
Let s(z) = 38*z**3 + z**2 - 3*z + 3. Let l = -15939 - -15940. Give s(l).
39
Let i be ((-224)/784)/((-2)/(-7)). Let a(r) = 13*r**3 + r**2 + 5*r + 4. What is a(i)?
-13
Let p(d) = -d**3 - 3*d**2 + 6*d + 2. Suppose -160 = -10*x + 20*x. Let i(a) = -15*a - 244. Let y be i(x). What is p(y)?
-6
Let o(n) = 33*n - 49*n + 28*n + 5*n**2 + 1. Let h(m) = -2*m**2 - m. Let k(j) = -3*h(j) - o(j). Determine k(4).
-21
Let a(v) = 14*v - 45. Let w(i) = -26*i + 88. Let d(r) = -11*a(r) - 6*w(r). Suppose -142 + 16 = -9*z. What is d(z)?
-5
Suppose f + 4*a - 116 = -3*f, 3*a - 37 = -f. Let m be (-27 + f)*(1 - (-3)/(-6)). Let d(h) = -h**3 - h**2 + h. Determine d(m).
-1
Let k(a) be the third derivative of 5*a**4/24 + a**3 - 798*a**2. What is k(-2)?
-4
Let w be (-21)/28 + 31/4. Suppose w = l - 2*m + 4, -2*l + m = -18. Let b(i) = -i**3 + 10*i**2 + 13*i + 2. Calculate b(l).
24
Let q(m) be the third derivative of -m**4/24 - 2*m**3/3 + 5073*m**2. Let k be (-3)/((-10)/(-4) + -1). Determine q(k).
-2
Let t = -22161 - -22169. Let n(u) = -u**3 + 7*u**2 - 8*u - 1. Give n(t).
-129
Let x = 371 - 347. Suppose -x*o = -0*o - 72. Let h(c) = 5*c - 2*c - 2*c + 1. Give h(o).
4
Let f(w) = -w**3 + 22*w**2 - 53*w**2 + 7 + 26*w**2. Let g = -24 + 34. Let t = g - 15. Give f(t).
7
Let g(d) be the third derivative of -1/30*d**5 + 0*d + 15*d**2 - 5/3*d**3 - 9/8*d**4 + 0. Let n be g(-13). Let v(w) = -w**2 - 2*w + 3. Determine v(n).
-12
Let c(f) = f**2 + 9. Let m = -1006 - -1006. Give c(m).
9
Let x(n) be the second derivative of -4*n**3/3 + 7*n**2 - 1037*n. Calculate x(3).
-10
Let k be 51/(((-3)/6)/((-2)/4)). Let u(t) = -t**2 + 29*t - 1 - k*t + 21*t. Determine u(-1).
-1
Let i be 0/((-20 - 234/(-12)) + (-3)/2). Let v(k) = 4*k - 4. Calculate v(i).
-4
Suppose 22*h + 4*k = 20*h + 2, -38 = -5*h + k. Let v(p) be the second derivative of -1/12*p**4 - 1/6*p**3 - p + h*p**2 + 0. Determine v(0).
14
Let r = -111 - -125. Let a(w) = 3 - 2 - 5*w + r*w - 6*w. Calculate a(-1).
-2
Let c be 0 + (-8)/(-12) + (-8)/12. Let z be 1 + c + 20/(-20). Let u(q) = q**2 - 115*q + z*q**2 + 111*q - 6. What is u(6)?
6
Let w be ((-1)/(-3))/((-6)/(-216)*-4). Let l be w/(1 - (-8)/(-6)). Let t(h) = -h**2 + 11*h - 7. What is t(l)?
11
Suppose 5*z - 13 = 2*x, z - 4*z + 3 = 0. Let u(r) = 28 - 6*r**2 - 5*r**3 + 5*r + r - r**2 - 24 + 3*r**3. Calculate u(x).
-4
Let k(p) = -p**3 - 4*p**2 + 11*p + 2. Let j(a) = -a**3 - 4*a**2 + 12*a + 1. Let w(r) = -3*j(r) + 4*k(r). Let i = 2527 + -4118. Let o = i - -1585. What is w(o)?
29
Let s be -8 - (-875)/28 - 17. Let r(q) be the first derivative of 33 + 0*q**3 - 1/2*q**2 + 0*q + s*q**4. Give r(-1).
-24
Let x(a) be the first derivative of -3*a**2/2 - 79*a - 2185. Calculate x(-26).
-1
Let x(n) be the second derivative of n**4/12 + n**3/6 + 4*n**2 - 4*n - 90. Determine x(0).
8
Let g(w) = 3*w**2 - 10*w - 16 - 10*w**2 + 2*w**2 + 4*w**2. Let p be g(-8). Suppose i + p*i - 7 = 0. Let z(s) = -2*s + 7. Give z(i).
-7
Suppose 0 = 9*o - 33*o - 15024. Let n = o + 638. Let t(p) = -p**3 + 13*p**2 - 12*p - 2. Determine t(n).
-2
Let a(j) = 3*j**2 + 22*j + 15. Let u(c) = -6*c**2 - 47*c - 32. Let y(w) = 13*a(w) + 6*u(w). Calculate y(-3).
18
Let d(l) be the second derivative of l**5/20 - 13*l**4/6 - 9*l**3/2 + 17*l**2/2 - 1838*l + 3. Give d(27).
17
Let t(h) = -h**3 + 6*h**2 - h. Let a be t(6). Let m be (-74)/a - (28/12 - 2). Let g(d) = m*d - 5*d**2 - d**3 - 11*d + 0*d**2 + 3*d**2. What is g(-2)?
-2
Let f be 12/(-2) + (-9)/((-48)/(-64)*-1). Let c(x) = -3*x**2 + 12*x - 8. Let k(s) = s**2 - 4*s + 3. Let v(n) = 4*c(n) + 11*k(n). Give v(f).
-11
Let c(p) = -13*p + 14*p + p**2 - 2*p + 5 - 4*p. Suppose -2*i - 11 = -5*s, 2*i + s - 6 - 1 = 0. Suppose -i*h - 35 = -7*h. Determine c(h).
19
Let t(d) = d**3 - 3*d + 3. Let s be t(1). Let l(h) = -9*h**3 - 2*h**2 + h. Give l(s).
-10
Let d(s) = -8*s**2 + 7*s + 1. Let r(a) = -a**2 + 4*a - 1. Let g(h) = d(h) - 7*r(h). What is g(-14)?
106
Let u(l) = 3*l**2 + 13*l - 12. Let z = -17407 - -17402. Give u(z).
-2
Let c(l) be the first derivative of -90 - 5*l**2 - 1/3*l**3 - 10*l. What is c(-9)?
-1
Let z be (-12)/(-15)*-5*2/(-4). Let x(p) = p**z - 4 + 2 + 1. Calculate x(4).
15
Suppose w + 14 = 16. Suppose -k + 13 = 2*d, -w*d = -3*k + d + 12. Let q(c) be the first derivative of -3*c**2/2 + 5*c - 101. Give q(k).
-16
Let f be (13/(-3))/(1/(-3)). Let h(s) = -31*s**3 - 707*s**2 - 2*s + 720*s**2 + 19 + 30*s**3. Let w be h(f). Let v(x) = -x**3 - 7*x**2 + x + 10. Determine v(w).
3
Let g(l) = -9 + 3*l + 0*l - 2*l + l. Let k be g(5). Let w(v) = -1 - 2 - 9*v + k + 5*v. What is w(-2)?
6
Let n(p) = 5*p - 3*p - 3*p - 1. Suppose -3*b + 201 = -i, -4*i + 4*b - b - 849 = 0. Let r = 209 + i. Calculate n(r).
6
Let f(v) = 8*v - 38. Let a be f(5). Let h(x) = -1 - 10 + 4*x**2 + x - 3*x**a + 10*x. Determine h(-12).
1
Let r(q) be the second derivative of 1/6*q**3 - 4 + q + q**2. Suppose -9 = -3*m - 0*m + 3*v, -9 = -m + 3*v. Give r(m).
2
Let x(c) be the first derivative of 3 - 1/2*c**2 + 0*c - 1/4*c**4 + 2/3*c**3. What is x(2)?
-2
Let i = 1150 - 976. Suppose -i = -28*m + 50. Let r(y) = 2*y**2 - 12*y + 4. Determine r(m).
36
Let j(v) = -7*v**3 + 47*v**2 + 9*v + 36. Let q be j(7). Let r(c) = -17*c**2 + 15*c. Calculate r(q).
-2
Let r(y) = -2*y - 20. Let n be -567 - (-1)/(-4)*8. Let j = 563 + n. What is r(j)?
-8
Let a = 650 + -650. Let p(n) = 2*n + a*n + 8*n - 18*n - 8 + 7*n. Calculate p(-4).
-4
Let y(p) = -7*p**2 - 38*p - 1. Let k(l) = l - 34. Let m be k(40). Let h(f) = -6*f**2 - 33*f - 2. Let a(o) = m*h(o) - 5*y(o). What is a(-7)?
0
Suppose 0 = -5*l + 3*s + s + 37, -24 = -2*l - 3*s. Let a(k) = -2 + 0 + l*k**2 + 1. Suppose 0 = -3*h + 3*c + 6, 0 = 17*h - 12*h + c - 4. Det